 894. What is the hundreds digit of k?
3
Suppose 4*a = 4*y + 20, -a + 6*a - y - 13 = 0. Let k be a/(-4)*(-25 - 1). Suppose -3*f = 2*u - k, 0*u - 20 = -4*u. What is the units digit of f?
1
Suppose 4*c - 3*v = 5584, -4*c + 5584 = -0*v - 5*v. What is the tens digit of c?
9
Let g = 1226 - 628. What is the hundreds digit of g?
5
Let n = 42 + -38. What is the tens digit of n*((-399)/6)/(-7)?
3
Let g be ((-12)/(-8) + -1)*6. What is the units digit of 75*g/(45/10)?
0
Suppose 3*x = -2*x + 15. What is the tens digit of (-74)/(x*(-8)/12)?
3
Let p be (20/12)/(-1) + (-4)/(-6). What is the tens digit of (-1659)/(-15) - p/(5/(-3))?
1
Let z(l) = 12 + 6 + 10 - l**2 - 16*l - 23. What is the tens digit of z(-11)?
6
Let x(r) = -r**2 - 11*r + 57. What is the tens digit of x(-8)?
8
Let s = 54 + 1. Let c = 32 + s. What is the units digit of c?
7
Let u be (-2)/((2/(-42))/1). Let r = u - 17. What is the units digit of r?
5
Let o(q) = 143*q**2 - 5*q - 10. What is the hundreds digit of o(-2)?
5
Let m be -3 + 2/(-2) + 7. Suppose 3*j = -4*z + m, 2*j + 3 = -5*z + 12. What is the units digit of z?
3
Let u = 2121 + -1217. What is the tens digit of u?
0
Let j(a) = a**3 + 6*a**2 + 8. Let q be j(-6). Let t(y) = 2 - y + 7 - 3 + q. What is the units digit of t(9)?
5
Let b(s) be the second derivative of -s**5/20 - s**4/3 + 2*s**3 + 5*s**2 - 3*s. What is the units digit of b(-8)?
0
Suppose 83*w = -6*w + 445356. What is the hundreds digit of w?
0
Let z(a) = -a**3 + 7*a**2 - 7*a - 1. Let p be z(5). Suppose -4*d + 3*l = d - 4, 0 = 4*d + 3*l - p. Suppose d*f = f + 58. What is the units digit of f?
8
Let i be 490/1 - (-14 - -14). Suppose -14*d + 12*d = -i. What is the tens digit of d?
4
Let z = -19 + 17. What is the units digit of (22/(-33))/(z/126)?
2
Let r(j) = 7*j - 14. Let m(f) = -f. Let d(o) = -6*m(o) - r(o). Let g be 2/6 - 17/(-3). What is the units digit of d(g)?
8
Suppose -4*s = w - 1633 - 82, 15 = -5*s. What is the tens digit of w?
2
Let p = -147 + 187. Let u = 51 + p. What is the tens digit of u?
9
Let i(v) = v**3 - 9*v**2 + 15*v - 12. Let s be i(8). Suppose o - s - 35 = 0. What is the units digit of o?
9
Suppose -2*w = 3*t - 8, 4*t = w - 7 + 25. Let q(z) = -z**2 - 4*z - 2. Let a be q(w). Suppose a*l + 144 = 6*l. What is the units digit of l?
6
Suppose 5*c + 0 - 60 = 0. Let z(k) = 5*k - 7. Let d be z(c). Let p = d + -28. What is the units digit of p?
5
Let o(n) = n**3 + 15*n**2 - 6*n + 16. Let z be o(-14). Suppose -4*f + z + 32 = 0. What is the tens digit of f?
8
Let d(p) = 35*p - 13. Let x be d(5). Suppose 5*h = s + x, h - 4*h + 87 = -4*s. What is the tens digit of h?
3
Let d(o) = o**2 + 14*o + 17. Let m be d(-13). Let f(n) be the first derivative of 5*n**3/3 - 2*n**2 + 9*n + 8. What is the tens digit of f(m)?
7
Suppose 4*w - 56 = 48. Suppose 100 = 4*n + 6*n. Suppose 4*k - w = n. What is the units digit of k?
9
Let b = -661 - -1374. Let a = b - 417. What is the units digit of a?
6
Suppose -2*a + 7 = -3. Suppose 0 = a*v - 5, -f + 5*v = 4*f - 485. What is the tens digit of f?
9
Suppose -7571 = -19*q + 3677. What is the hundreds digit of q?
5
Let q(t) = 3*t**2 - 54*t - 115. What is the tens digit of q(28)?
2
Suppose 42 = 7*p - 14. Suppose 6*w + 74 = p*w. What is the units digit of w?
7
Let q(z) = 49*z + 5. Let l(w) = 25*w + 2. Let n(j) = -5*l(j) + 3*q(j). Let m be (-34)/425 - (-52)/25. What is the units digit of n(m)?
9
What is the tens digit of ((-74)/(-185))/((-1)/(-1530))?
1
Let q = 637 + 263. What is the units digit of q?
0
Let p(q) = -q**2 + q + 1. Let k(a) = -8*a**2 + 9*a + 12. Let i(w) = k(w) - 5*p(w). Let h be i(4). Let l = h - -61. What is the tens digit of l?
3
Suppose -5*m = -m - 16. Suppose -1 = -m*u + 7. Let i(r) = r**3 + 3*r**2 - 2*r + 1. What is the units digit of i(u)?
7
Let q(c) = -c**3 - 4*c**2 - 9. Let x be q(-4). What is the tens digit of 1/(x/(-12))*129/2?
8
Let d = 6227 + -3346. What is the tens digit of d?
8
Let j = -2920 - -5208. What is the thousands digit of j?
2
Suppose -3*z - 1 = -2*c, 0*c = 2*z - 4*c + 14. Let i(m) = -116*m**z + 0 + 5*m + 1 - 4*m**2 + 117*m**3. What is the units digit of i(4)?
1
Let s = 3 - -14. Let o be (s + -4)/(2/22). Suppose 3*w - 93 = 4*u, 3*w + 23 = -5*u + o. What is the units digit of w?
5
Suppose 32*m + 5565 - 32413 = 0. What is the units digit of m?
9
Let a(w) = w**3 - 2*w + 1. Let r be a(1). What is the units digit of r + -4*9/(-12)?
3
Suppose -5*b - 13 = -2*h - 2*b, -3*b + 7 = 2*h. Suppose 4*l + 8*g - 4*g - 8 = 0, 0 = 4*l + 3*g - h. What is the tens digit of -3 + (-2 - -17 - l)?
1
Suppose -53 = -4*i + 15. Suppose -i = -b + 17. Suppose 5*t - 28 = 4*m, 3*t - 8*t + 2*m = -b. What is the units digit of t?
8
Let v be 269 - (6/(-24) + (-14)/8). Let g = -150 + v. What is the hundreds digit of g?
1
Let o(c) = c**3 + 12*c**2 + 12*c + 13. Let a be o(-11). Suppose -a = -3*z + 7. Suppose -39 = -4*g - z*p, -2*p = g - 0*p - 16. What is the units digit of g?
6
Let j(r) = r**3 + 4*r**2 - 5. Suppose -3*l - l = -20. What is the units digit of j(l)?
0
Let f = -23 - -31. Suppose -f*k = -7*k - 63. What is the units digit of k?
3
Suppose 1 + 17 = 3*q. Suppose -r + 4*o = 3, 0*r + 4*o - q = -2*r. Let b(s) = 2*s**3 + s. What is the units digit of b(r)?
3
Let v(a) = -14*a - 17. Let p = -15 - -7. What is the tens digit of v(p)?
9
Let v(y) = 55*y - 117. What is the hundreds digit of v(7)?
2
Let v(b) = -b**2 - b + 2. Let r be v(0). What is the tens digit of 6/(r/(-6) - 70/(-156))?
5
Suppose -4*s - 20 = 2*u + 3*u, -s - 2*u = 8. Suppose t = 2*i - 123, s = i - 2*i + 5*t + 57. What is the tens digit of i?
6
Suppose l + l = 4. Suppose 0 = c + 3*h + 13 - 2, 5*h = 3*c - 37. Suppose -u + 132 = c*d, -d - l*d + 4*u = -99. What is the units digit of d?
3
Let v(q) = -20*q**2 + 3*q + 7. Let k(b) = -21*b**2 + 3*b + 6. Let w(o) = -5*k(o) + 4*v(o). What is the units digit of w(-2)?
4
Let a = -26 + 63. Suppose 5*t + 2 - a = 0. Let v = 9 - t. What is the units digit of v?
2
Suppose 0 = -3*j - 3*c + 218 + 85, c = -3*j + 301. Let i = -34 + j. What is the units digit of i?
6
Let n be 53/7 - (-30)/70. Let f be (-1)/((-2)/n) + -7. What is the units digit of f + -1 + 43 + 1?
0
Let k = -3 + -2. Let x be (-3)/k - 17/(-5). Suppose -28 = 3*h - x*h. What is the units digit of h?
8
Let p = 18 + -15. Suppose -p*t = -5*f - 181, 2*t + 2*t - 2*f - 246 = 0. What is the units digit of t?
2
Let l = 79 - 79. What is the tens digit of (l + -7)/(25/(-600))?
6
Let w(c) = c**2 + 12*c + 8. Let p(k) = 5*k**2 + 60*k + 41. Let b(m) = 2*p(m) - 11*w(m). Let y be b(-6). Let n = -10 + y. What is the units digit of n?
0
Let s = -12 - -10. Let d be (-4)/4 - (s + -3). What is the units digit of 34 + -1 + -7 + d?
0
Let q = 673 - 389. Let i = q + -88. What is the units digit of i?
6
Let f = -32 - -54. Let x = 82 - f. What is the tens digit of x?
6
Suppose -8 = -6*v + 22. What is the tens digit of ((-62)/(-6) + v)/((-4)/(-30))?
1
Let p = 1461 - 1018. What is the units digit of p?
3
Let q = 1607 + -802. What is the hundreds digit of q?
8
Let x = 292 + 603. What is the units digit of x?
5
Let a be 4/2 - 2 - -5. Let x(m) = 2*m**2 - 2*m + 11. What is the tens digit of x(a)?
5
Let r be ((-75)/30)/(1/2). What is the units digit of (-1)/((2 + r)/147)?
9
Let d be (22 - -3)*2/10. Let x(k) = k**2 + 2*k - 6. Let s be x(-5). Let c = d + s. What is the tens digit of c?
1
Let o = 463 + -83. What is the units digit of o?
0
Suppose -2*i + 881 = -0*i + 3*l, -i - 3*l = -439. Suppose 10*h - i = 698. What is the units digit of h?
4
Suppose -y - 6 = -3*y. Suppose -y*v + 0*f + 6 = -2*f, -5*f + 10 = 5*v. Suppose -2*b + 18 = v*r, 5*r + 3*b + 0*b - 53 = 0. What is the units digit of r?
3
Suppose 0*a = 4*a - 112. Suppose -2*m = -4*t - a, 3*t + t - 70 = -5*m. What is the tens digit of (-130)/(-4) - (-7)/m?
3
Let h(z) = -64*z - 2 - 18 + 182*z. What is the tens digit of h(2)?
1
Suppose 12*k + 2*n + 6982 = 14*k, 4*k = 2*n + 13960. What is the units digit of k?
9
Let j(k) = -8*k**2 - 24*k + 3. Let i be j(-3). Let p(c) = 8*c - 6. What is the units digit of p(i)?
8
Let f(b) = -b**2 + 10*b + 6. Let y be f(9). What is the units digit of (y/2)/(3/8)?
0
Suppose 3*j = -2*i + 1588, 2*i = -2*j + 120 + 1472. What is the tens digit of i?
0
Let n(o) = 2190*o**2 - 34*o + 33. What is the units digit of n(1)?
9
Let b(l) = 3*l**3 - 5*l**2 + 51*l -